{"id":46,"date":"2024-03-25T21:18:36","date_gmt":"2024-03-25T21:18:36","guid":{"rendered":"https:\/\/zsip1katowice.edu.pl\/sp12\/bip\/?page_id=46"},"modified":"2024-03-26T07:06:20","modified_gmt":"2024-03-26T07:06:20","slug":"instrukcja-bip","status":"publish","type":"page","link":"https:\/\/zsip1katowice.edu.pl\/sp12\/bip\/instrukcja-bip\/","title":{"rendered":"Instrukcja BIP"},"content":{"rendered":"\n<p>1.&nbsp;&nbsp;Zgodnie z&nbsp;\u00a7 9.3&nbsp;Rozporz\u0105dzenia Ministra Spraw Wewn\u0119trznych i Administracji z dnia 18 stycznia 2007 r. w sprawie Biuletynu Informacji Publicznej ? strony podmiotowe&nbsp;Biuletynu Informacji Publicznej Szko\u0142y Podstawowej nr 12 im. Jana Ignacego Paderewskiego w Katowicach ? prowadzone s\u0105 w formie wydzielonej cz\u0119\u015bci witryny www podmiotu.<\/p>\n\n\n\n<p>2.&nbsp;&nbsp;&nbsp;Dost\u0119p do BIP SP nr 12 w Katowicach uzyskuje si\u0119 poprzez klikni\u0119cie w prawym menu witryny ? pozycji ?BIP?.<\/p>\n\n\n\n<p>3.&nbsp;Menu to przenosi internaut\u0119 do wydzielonej cz\u0119\u015bci witryny www po\u015bwi\u0119conej prowadzeniu&nbsp;Biuletynu Informacji Publicznej.<\/p>\n\n\n\n<p>4.&nbsp;Cz\u0119\u015b\u0107 BIP charakteryzuje si\u0119 dedykowanym dla niej menu lewym, kt\u00f3re prowadzi do poszczeg\u00f3lnych zagadnie\u0144 charakterze BIP.<\/p>\n\n\n\n<p>5.&nbsp;&nbsp;&nbsp;&nbsp;&nbsp;&nbsp;Informacje BIP s\u0105 grupowane tematycznie, za\u015b menu umieszczone z lewej strony witryny pozwala na ich wyb\u00f3r.<\/p>\n","protected":false},"excerpt":{"rendered":"<p>1.&nbsp;&nbsp;Zgodnie z&nbsp;\u00a7 9.3&nbsp;Rozporz\u0105dzenia Ministra Spraw Wewn\u0119trznych i Administracji z dnia 18 stycznia 2007 r. w sprawie Biuletynu Informacji Publicznej ? strony podmiotowe&nbsp;Biuletynu Informacji Publicznej Szko\u0142y Podstawowej nr 12 im. Jana Ignacego Paderewskiego w Katowicach ? prowadzone s\u0105 w formie wydzielonej cz\u0119\u015bci witryny www podmiotu. 2.&nbsp;&nbsp;&nbsp;Dost\u0119p do BIP SP nr 12 w Katowicach uzyskuje si\u0119 poprzez &hellip; <a href=\"https:\/\/zsip1katowice.edu.pl\/sp12\/bip\/instrukcja-bip\/\" class=\"more-link\">Czytaj dalej <span class=\"screen-reader-text\">Instrukcja BIP<\/span><\/a><\/p>\n","protected":false},"author":1,"featured_media":0,"parent":0,"menu_order":0,"comment_status":"closed","ping_status":"closed","template":"","meta":{"_uag_custom_page_level_css":"","footnotes":""},"class_list":["post-46","page","type-page","status-publish","hentry"],"uagb_featured_image_src":{"full":false,"thumbnail":false,"medium":false,"medium_large":false,"large":false,"1536x1536":false,"2048x2048":false,"post-thumbnail":false},"uagb_author_info":{"display_name":"admin","author_link":"https:\/\/zsip1katowice.edu.pl\/sp12\/bip\/author\/admin\/"},"uagb_comment_info":0,"uagb_excerpt":"1.&nbsp;&nbsp;Zgodnie z&nbsp;\u00a7 9.3&nbsp;Rozporz\u0105dzenia Ministra Spraw Wewn\u0119trznych i Administracji z dnia 18 stycznia 2007 r. w sprawie Biuletynu Informacji Publicznej ? strony podmiotowe&nbsp;Biuletynu Informacji Publicznej Szko\u0142y Podstawowej nr 12 im. Jana Ignacego Paderewskiego w Katowicach ? prowadzone s\u0105 w formie wydzielonej cz\u0119\u015bci witryny www podmiotu. 2.&nbsp;&nbsp;&nbsp;Dost\u0119p do BIP SP nr 12 w Katowicach uzyskuje si\u0119 poprzez&hellip;","_links":{"self":[{"href":"https:\/\/zsip1katowice.edu.pl\/sp12\/bip\/wp-json\/wp\/v2\/pages\/46","targetHints":{"allow":["GET"]}}],"collection":[{"href":"https:\/\/zsip1katowice.edu.pl\/sp12\/bip\/wp-json\/wp\/v2\/pages"}],"about":[{"href":"https:\/\/zsip1katowice.edu.pl\/sp12\/bip\/wp-json\/wp\/v2\/types\/page"}],"author":[{"embeddable":true,"href":"https:\/\/zsip1katowice.edu.pl\/sp12\/bip\/wp-json\/wp\/v2\/users\/1"}],"replies":[{"embeddable":true,"href":"https:\/\/zsip1katowice.edu.pl\/sp12\/bip\/wp-json\/wp\/v2\/comments?post=46"}],"version-history":[{"count":2,"href":"https:\/\/zsip1katowice.edu.pl\/sp12\/bip\/wp-json\/wp\/v2\/pages\/46\/revisions"}],"predecessor-version":[{"id":105,"href":"https:\/\/zsip1katowice.edu.pl\/sp12\/bip\/wp-json\/wp\/v2\/pages\/46\/revisions\/105"}],"wp:attachment":[{"href":"https:\/\/zsip1katowice.edu.pl\/sp12\/bip\/wp-json\/wp\/v2\/media?parent=46"}],"curies":[{"name":"wp","href":"https:\/\/api.w.org\/{rel}","templated":true}]}}